38, m = n - 5*s. What is the remainder when n is divided by 3?
0
Let s = -1 - -4. Suppose 0 = -j + 3*h + 1, 10 = s*j + h - 3. Suppose j*l - 48 = l. Calculate the remainder when 46 is divided by l.
14
Suppose 7*o + 4*j = 2*o - 68, -4*j + 40 = -4*o. Calculate the remainder when 34 is divided by (-14 - -16)/((-2)/o).
10
Let i be (-6)/4*12/1. Let r be ((-1326)/65)/(3/(-10)). Let z = r + i. What is the remainder when z is divided by 13?
11
Let d(y) = -y**2 - 6*y + 75. Calculate the remainder when 135 is divided by d(-12).
0
Let n = 124 + -41. Let k = 53 + -36. What is the remainder when n is divided by k?
15
Let l = 10 + -1. What is the remainder when l is divided by 40/60 + (-3)/((-18)/8)?
1
Let b(d) = -d**3 - 10*d**2 + 74*d - 8. Calculate the remainder when 55 is divided by b(-15).
6
Let o(v) = v**3 - 3*v**2 + v + 2. Let j be o(2). Suppose -q - q + 134 = j. Calculate the remainder when q is divided by -69*(2/7 - (-39)/(-63)).
21
Let i(y) = y**3 + 39*y**2 - 40*y + 128. Calculate the remainder when i(-40) is divided by 26.
24
Let x be (6/(-10) - 291/15) + 3. Let j(a) = a**3 + 18*a**2 + 14*a - 34. What is the remainder when 30 is divided by j(x)?
13
Suppose 2*k + k - 140 = -5*v, -4*k + 11 = v. Let q = 126 + -35. Calculate the remainder when q is divided by v.
29
Suppose m = -3*m + 172. Let h = m + -39. Calculate the remainder when (-2)/(4*h/(-216)) is divided by 15.
12
Suppose 0 = -3*k + 6*k - 30. Let z(i) = -i**2 - 9*i - 14. Let v be z(-7). Suppose -5*l + 148 - 3 = v. Calculate the remainder when l is divided by k.
9
Suppose -15 = 3*r, r + 6 - 39 = -2*f. Calculate the remainder when 223 is divided by f.
14
Suppose 0 = -8*w + 68 + 52. What is the remainder when w is divided by 9?
6
Let y(g) be the first derivative of 1/3*g**3 - 2*g + 3/2*g**2 + 5. Calculate the remainder when 22 is divided by y(-5).
6
Let h(d) = -d**2 + 6*d - 2. Let u(r) = -r**3 - 8*r**2 - 8*r + 3. Suppose -39 = 5*g - 4. What is the remainder when u(g) is divided by h(4)?
4
Suppose 0 = -3*m + 6, -2*p = -m + 2 - 6. Let f(h) = -h + 193. Let y(q) = 39. Let j(i) = -2*f(i) + 11*y(i). What is the remainder when j(-17) is divided by p?
0
Suppose 3*u + 333 = 4*a, -3*u + 286 = 3*a + 2*u. Suppose -122*d = -125*d + a. What is the remainder when d is divided by 10?
9
Let o(f) = 72*f + 442. Suppose -h + 18 + 11 = 0. What is the remainder when h is divided by o(-6)?
9
Suppose 36 = 3*g - 6. What is the remainder when (-24)/(-20)*(-650)/(-30) is divided by g?
12
Let i(a) = -a + 8. Let z be (2/4 + (-4)/(-8))*-2. What is the remainder when 49 is divided by i(z)?
9
Suppose -2*p = -10, -5*p = -5*z + 3*z + 7. Suppose 4*s + 3*g - 252 = 0, -4*g + 94 = 4*s - 162. Calculate the remainder when s is divided by z.
12
Suppose 6 = w - 5*p - 11, 2*w + 3*p = 21. Let u be ((-4)/(-6))/(6/(-27)). What is the remainder when w is divided by (2 + 3)*(u - -4)?
2
Suppose 56 = 4*j - 5*x + 3*x, -5*j - 5*x = -70. Calculate the remainder when 122 is divided by j.
10
Let g = -11 + 11. Suppose 4*z = -g*z. Suppose z*m - s + 18 = m, -m + 9 = -2*s. What is the remainder when 29 is divided by m?
14
Let z(c) = -7*c**3 - 2*c - 3. Let x be z(-2). Let u = 72 - x. What is the remainder when u is divided by 8?
7
Suppose -5*s + d + 61 = 0, -s + 2*s - 9 = -3*d. What is the remainder when 20 is divided by s?
8
Let w = 20 + 3. Suppose 144 = 20*z - 19*z. Suppose 132 = 2*g + 4*b + 12, 2*g - 2*b = z. Calculate the remainder when g is divided by w.
22
Let i(q) = q - 3. Let r be i(-27). Let c = 113 + r. What is the remainder when c is divided by 17?
15
Let t(d) = 5*d - 36. Let p be t(8). Suppose 5*l + 133 = p*m + 650, 0 = 4*l + 5*m - 389. Calculate the remainder when l is divided by 51.
50
Let o(a) = -8*a + 1. Let b(p) = 0*p - p + 1 + 0*p + 0. Let d(z) = -4*b(z) + o(z). Calculate the remainder when 49 is divided by d(-5).
15
Let a(g) = 45*g**2 + g. Suppose 29*r - 23*r - 138 = 0. Calculate the remainder when a(2) is divided by r.
21
Let z(u) = -3*u**3 + u + 1. Let c be z(-1). Let b(r) = 2*r + 10. What is the remainder when 63 is divided by b(c)?
15
Let v(j) = j**3 - 14*j**2 + 15*j - 13. Let d be 3 + (-6)/3 - -1. Suppose -5*w = 29 - 9, 34 = 2*l - d*w. What is the remainder when 36 is divided by v(l)?
10
Suppose -m + 247*g - 246*g + 1705 = 0, -4*m + 2*g + 6810 = 0. What is the remainder when m is divided by 63?
62
Let h = 24 + -13. Suppose h*x - 150 = 6*x - a, -3*x - a + 90 = 0. Calculate the remainder when 55 is divided by x.
25
Suppose 6*p = p - 100. Let b be (-4)/(-3)*(-510)/p. Let q = b + -25. What is the remainder when 25 is divided by q?
7
Let x = 37 - 43. Let c(t) = -t**3 - 6*t**2 - 3*t + 1. What is the remainder when 37 is divided by c(x)?
18
Suppose -c + 31 = 18. Suppose -2*u + c = -53. Let f(t) = t + 12. Calculate the remainder when u is divided by f(0).
9
Suppose 4*h + 4*d = d + 912, -3*d - 456 = -2*h. What is the remainder when h is divided by 56?
4
Suppose -60*v = -439 - 2621. What is the remainder when 60 is divided by v?
9
Let c(o) = 3*o**2 - 23*o + 36. Let y(n) = -7*n**2 + 47*n - 73. Let p(w) = -5*c(w) - 2*y(w). What is the remainder when 169 is divided by p(17)?
33
Suppose -62 + 4 = -2*g. Let w = -19 + g. Calculate the remainder when 76/(-2)*1/(-2) is divided by w.
9
Calculate the remainder when 84 is divided by (75/375)/((-2)/(-130)).
6
Let s(g) = -g**3 + 3*g**2 + 173*g + 20. What is the remainder when s(-12) is divided by 28?
20
Suppose 5*c = 0, 20*x = 19*x + 3*c + 42. Calculate the remainder when 1509 is divided by x.
39
Let w = 21 - 9. Suppose -4*q + w = 5*f, 5*f = -q - 2*q + 9. Suppose b - 5*j - 48 = f, -2*b = 4*j + j - 21. Calculate the remainder when b is divided by 8.
7
Let l = 357 + -295. What is the remainder when l is divided by 36?
26
Suppose 0 = -4*h, -n + 3*n + 2*h - 10 = 0. Suppose -2*a + 129 = -5*q - 7, -n*q + 38 = a. What is the remainder when a is divided by 31?
27
Let t(f) = f**3 + 10*f**2 - 46*f - 53. Calculate the remainder when 188 is divided by t(-13).
36
Let v = -14 - -23. Suppose 2*d = 5*m - 8 + 26, 2*m + v = d. Calculate the remainder when 33 is divided by d.
6
What is the remainder when (-1782)/(-11) + 12/1 is divided by 13?
5
Let v = -867 + -336. Let r(u) = 13*u**3 - u - 2. Let j be r(-1). Calculate the remainder when 4/j - v/21 is divided by 12.
9
Let h(g) = -8*g**2. Let r be h(-2). What is the remainder when (-18)/4*r/3 is divided by 25?
23
Suppose 104*d - 103*d = 24. Calculate the remainder when 92 is divided by d.
20
Let j be (1 - 63/(-6))/((-4)/(-8)). Suppose -k + j = 8. What is the remainder when k is divided by 10?
5
Let w be (-2)/(2/(-10) + 0). Suppose 673 = w*y - 397. What is the remainder when y is divided by 18?
17
Let o(p) = p**3 + p**2 - 3*p + 5. Let y = -21 - -40. What is the remainder when o(4) is divided by y?
16
Suppose -5*y = -34 - 71. Suppose 2*v - 2*l + 1 - y = 0, 0 = -v + 4*l + 4. What is the remainder when 82 is divided by v?
10
Let v be (-18)/(-6) + 0/(-2). Suppose 4*w - 20 = -4*j, -w - 5*j = -v*j - 3. What is the remainder when (-73)/(-4) - (-1)/(-4) is divided by w?
4
Let v(a) = 2*a**3 - 6*a**2 + 21*a - 33. Calculate the remainder when 2 + (147 - (0 + 0)) is divided by v(3).
29
Let s = -36 + 31. Calculate the remainder when 46 is divided by (17/2)/(s*(-1)/10).
12
Suppose 2*c + 2*c = -4, -3*m = -3*c - 21. Calculate the remainder when 77 is divided by m.
5
Calculate the remainder when 0 + (-2106)/(-15) + 44/(-110) is divided by (-8)/10*(-12 + -18).
20
Suppose 4*s - 106 = -p, -3*s - p - p = -82. Let k = -170 + 350. Calculate the remainder when k is divided by s.
24
Calculate the remainder when 232 is divided by (-1 - 7) + -15 + 101.
76
Let j = 238 - 149. Suppose -j = -c + 3*i, 6*c = 7*c + i - 77. What is the remainder when c is divided by 14?
10
Let g(o) = -10*o**3 - 4*o**2 + 12*o + 29. Calculate the remainder when g(-4) is divided by 11.
7
Let m(u) = 2*u**3 + 16*u**2 - 2*u + 13. What is the remainder when 374 is divided by m(-8)?
26
Suppose 9 = 3*d - 0*d. Let u = -133 + 149. Calculate the remainder when u is divided by d.
1
What is the remainder when (-16)/(-28)*(31/2 - -2) is divided by 5?
0
Suppose 0 = 5*q - 1101 - 204. What is the remainder when q is divided by 12?
9
Let a(b) = 21*b + 5. Let o be a(3). Let j = -53 + o. What is the remainder when 44 is divided by j?
14
Suppos